mon factor of 224549 and 299?
299
Calculate the greatest common factor of 678 and 126221.
113
What is the highest common factor of 8880321 and 141?
141
Calculate the greatest common divisor of 802 and 2459333.
401
Calculate the highest common divisor of 285640 and 1110.
370
Calculate the greatest common divisor of 3336 and 10284.
12
What is the greatest common factor of 149 and 174479?
149
Calculate the greatest common factor of 4799 and 23.
1
What is the highest common factor of 43377 and 228?
57
What is the highest common factor of 39724 and 16?
4
Calculate the highest common divisor of 23661 and 1386.
99
What is the highest common divisor of 37809 and 27?
9
Calculate the greatest common factor of 4879 and 168.
7
What is the greatest common divisor of 367622 and 4630?
926
What is the greatest common divisor of 115 and 2890?
5
What is the highest common divisor of 5076 and 992076?
564
What is the highest common factor of 240 and 25824?
48
What is the highest common factor of 1275625 and 125?
125
What is the greatest common divisor of 172 and 33497?
43
Calculate the greatest common factor of 1932 and 434.
14
Calculate the greatest common divisor of 10260 and 209.
19
Calculate the highest common factor of 5450 and 23710.
10
Calculate the highest common divisor of 344 and 4214.
86
What is the greatest common divisor of 186221 and 16576?
259
Calculate the highest common factor of 576048 and 176.
176
Calculate the highest common divisor of 12280 and 260.
20
Calculate the greatest common divisor of 18 and 3961206.
18
What is the greatest common factor of 56 and 11774?
14
What is the greatest common factor of 31059 and 1015?
203
Calculate the highest common factor of 7852 and 78.
26
What is the greatest common divisor of 16590 and 4410?
210
What is the highest common factor of 4524 and 148770?
174
What is the greatest common divisor of 3618 and 1088616?
402
Calculate the greatest common factor of 1392 and 5597.
29
What is the greatest common divisor of 395 and 141173?
79
Calculate the greatest common divisor of 268424 and 1958.
178
Calculate the highest common divisor of 5328 and 415917.
333
Calculate the greatest common factor of 87451 and 17329.
403
Calculate the greatest common factor of 349 and 172057.
349
Calculate the highest common divisor of 130725 and 3320.
415
What is the greatest common divisor of 7930 and 350?
10
Calculate the greatest common divisor of 2376482 and 38.
38
Calculate the greatest common factor of 36198 and 2628.
18
What is the greatest common divisor of 20380 and 40?
20
Calculate the highest common divisor of 38205 and 180.
45
What is the highest common factor of 94 and 274198?
94
What is the greatest common factor of 594 and 94490?
22
Calculate the highest common divisor of 150 and 1189425.
75
Calculate the greatest common divisor of 49460 and 2020.
20
What is the highest common divisor of 15714 and 153066?
582
Calculate the greatest common factor of 84 and 15148.
28
Calculate the highest common divisor of 66 and 3258057.
33
Calculate the highest common factor of 14952 and 504.
168
Calculate the highest common factor of 197213 and 122.
61
What is the greatest common factor of 1719 and 3455190?
1719
What is the greatest common factor of 460 and 2213290?
230
What is the highest common factor of 1530 and 23850?
90
Calculate the greatest common divisor of 6834 and 3570.
102
Calculate the greatest common divisor of 8330 and 199430.
490
Calculate the highest common divisor of 8088 and 25176.
24
What is the highest common factor of 560 and 228375?
35
Calculate the greatest common divisor of 153216 and 38.
38
What is the greatest common divisor of 1844950 and 30?
10
Calculate the greatest common factor of 68 and 51.
17
Calculate the highest common divisor of 90 and 1691565.
15
What is the greatest common divisor of 93267 and 104112?
2169
What is the greatest common divisor of 532 and 5309626?
266
Calculate the greatest common divisor of 114 and 32889.
57
What is the highest common factor of 159940 and 66?
22
Calculate the highest common divisor of 8352 and 6624.
288
Calculate the greatest common divisor of 21 and 168189.
21
Calculate the greatest common divisor of 42190 and 20.
10
Calculate the greatest common divisor of 1574061 and 177.
177
What is the greatest common factor of 48 and 438480?
48
Calculate the highest common factor of 361695 and 15.
15
What is the greatest common divisor of 25788 and 798?
42
What is the greatest common divisor of 5871684 and 6384?
1596
What is the highest common divisor of 254435 and 15?
5
Calculate the greatest common factor of 293553 and 1014.
507
What is the greatest common divisor of 310110 and 40?
10
What is the greatest common factor of 50 and 42290?
10
Calculate the greatest common divisor of 344 and 68499.
43
What is the greatest common factor of 426 and 2911284?
426
Calculate the greatest common factor of 2037 and 24143.
7
What is the highest common divisor of 223446 and 167?
167
Calculate the highest common factor of 15618852 and 1836.
1836
Calculate the highest common divisor of 2268613 and 509.
509
Calculate the highest common factor of 1596 and 21774.
114
What is the greatest common divisor of 22608 and 52?
4
Calculate the greatest common divisor of 78476 and 92.
92
What is the highest common divisor of 319 and 38093?
11
What is the greatest common factor of 26460 and 480?
60
Calculate the highest common divisor of 10455 and 285.
15
What is the greatest common factor of 13 and 3241277?
13
Calculate the highest common factor of 492 and 5043.
123
What is the greatest common factor of 55 and 319?
11
What is the highest common factor of 96 and 957?
3
What is the greatest common factor of 330904 and 836?
76
Calculate the greatest common divisor of 92 and 21298.
46
Calculate the highest common factor of 644814 and 54.
54
Calculate the highest common factor of 4482 and 436995.
2241
What is the greatest common divisor of 1404 and 1036620?
468
Calculate the highest common divisor of 5832 and 124335.
81
What is the greatest common divisor of 1326 and 427176?
102
What is the greatest common factor of 24 and 362832?
24
What is the highest common factor of 30 and 14440?
10
Calculate the greatest common factor of 41260 and 20.
20
What is the highest common factor of 7 and 195487?
1
What is the highest common factor of 1456558 and 610?
122
What is the highest common divisor of 52250 and 45353?
209
Calculate the highest common divisor of 931 and 41971.
19
Calculate the greatest common factor of 11859 and 3618.
201
What is the highest common divisor of 281296 and 640?
16
What is the greatest common factor of 945 and 589869?
189
Calculate the greatest common factor of 2697012 and 8.
4
What is the highest common factor of 32447 and 710?
71
What is the highest common factor of 322775 and 10?
5
Calculate the greatest common divisor of 105 and 66003.
21
What is the greatest common divisor of 6990 and 16?
2
What is the highest common factor of 168 and 47404?
28
Calculate the greatest common divisor of 50310 and 130.
130
What is the highest common divisor of 7390 and 830?
10
Calculate the highest common divisor of 11063 and 384514.
299
What is the greatest common factor of 5656 and 267448?
808
What is the highest common divisor of 172 and 3004?
4
What is the greatest common factor of 42750 and 9234?
342
Calculate the greatest common divisor of 162 and 47358.
54
What is the highest common divisor of 591 and 3637014?
591
Calculate the highest common factor of 202 and 6112318.
202
What is the highest common divisor of 1098 and 1116?
18
What is the highest common divisor of 7488 and 558?
18
What is the highest common divisor of 18 and 193794?
6
What is the greatest common divisor of 384 and 12864?
192
What is the highest common divisor of 3500 and 48440?
140
Calculate the highest common divisor of 33 and 2189.
11
What is the highest common divisor of 66407 and 704?
11
What is the greatest common divisor of 113588 and 8468?
292
Calculate the highest common divisor of 370139 and 19.
19
What is the greatest common divisor of 2171020 and 584?
292
What is the highest common factor of 740583 and 81?
81
What is the greatest common divisor of 817 and 4518827?
817
Calculate the greatest common divisor of 1476 and 2